{"id":10,"date":"2017-12-26T16:08:54","date_gmt":"2017-12-26T14:08:54","guid":{"rendered":"https:\/\/cagrierhan.net\/?page_id=10"},"modified":"2025-04-14T08:58:51","modified_gmt":"2025-04-14T05:58:51","slug":"biyografi","status":"publish","type":"page","link":"https:\/\/cagrierhan.net\/?page_id=10","title":{"rendered":"Biyografi"},"content":{"rendered":"\t\t<div data-elementor-type=\"wp-page\" data-elementor-id=\"10\" class=\"elementor elementor-10\" data-elementor-post-type=\"page\">\n\t\t\t\t\t\t<section class=\"elementor-section elementor-top-section elementor-element elementor-element-d22cb9c elementor-section-full_width elementor-section-height-default elementor-section-height-default\" data-id=\"d22cb9c\" data-element_type=\"section\">\n\t\t\t\t\t\t\t<div class=\"elementor-background-overlay\"><\/div>\n\t\t\t\t\t\t\t<div class=\"elementor-container elementor-column-gap-default\">\n\t\t\t\t\t<div class=\"elementor-column elementor-col-20 elementor-top-column elementor-element elementor-element-e33fa44\" data-id=\"e33fa44\" data-element_type=\"column\">\n\t\t\t<div class=\"elementor-widget-wrap\">\n\t\t\t\t\t\t\t<\/div>\n\t\t<\/div>\n\t\t\t\t<div class=\"elementor-column elementor-col-20 elementor-top-column elementor-element elementor-element-be317d1\" data-id=\"be317d1\" data-element_type=\"column\">\n\t\t\t<div class=\"elementor-widget-wrap elementor-element-populated\">\n\t\t\t\t\t\t<div class=\"elementor-element elementor-element-fe40174 elementor-widget elementor-widget-shortcode\" data-id=\"fe40174\" data-element_type=\"widget\" data-widget_type=\"shortcode.default\">\n\t\t\t\t<div class=\"elementor-widget-container\">\n\t\t\t\t\t<div class=\"elementor-shortcode\">\t\t<div data-elementor-type=\"section\" data-elementor-id=\"8132\" class=\"elementor elementor-8132\" data-elementor-post-type=\"elementor_library\">\n\t\t\t\t\t<section class=\"elementor-section elementor-top-section elementor-element elementor-element-6aee24b6 elementor-section-full_width elementor-section-height-full elementor-section-items-top elementor-section-content-top elementor-hidden-tablet elementor-hidden-mobile elementor-section-height-default\" data-id=\"6aee24b6\" data-element_type=\"section\" data-settings=\"{&quot;sticky&quot;:&quot;top&quot;,&quot;background_background&quot;:&quot;classic&quot;,&quot;sticky_on&quot;:[&quot;desktop&quot;,&quot;tablet&quot;,&quot;mobile&quot;],&quot;sticky_offset&quot;:0,&quot;sticky_effects_offset&quot;:0}\">\n\t\t\t\t\t\t\t<div class=\"elementor-background-overlay\"><\/div>\n\t\t\t\t\t\t\t<div class=\"elementor-container elementor-column-gap-narrow\">\n\t\t\t\t\t<div class=\"elementor-column elementor-col-100 elementor-top-column elementor-element elementor-element-7d94895d\" data-id=\"7d94895d\" data-element_type=\"column\">\n\t\t\t<div class=\"elementor-widget-wrap elementor-element-populated\">\n\t\t\t\t\t\t<section class=\"elementor-section elementor-inner-section elementor-element elementor-element-c188e7c elementor-section-boxed elementor-section-height-default elementor-section-height-default\" data-id=\"c188e7c\" data-element_type=\"section\">\n\t\t\t\t\t\t<div class=\"elementor-container elementor-column-gap-default\">\n\t\t\t\t\t<div class=\"elementor-column elementor-col-100 elementor-inner-column elementor-element elementor-element-3d3ca2d\" data-id=\"3d3ca2d\" data-element_type=\"column\" data-settings=\"{&quot;background_background&quot;:&quot;classic&quot;}\">\n\t\t\t<div class=\"elementor-widget-wrap elementor-element-populated\">\n\t\t\t\t\t\t<div class=\"elementor-element elementor-element-2821dec4 elementor-widget-divider--view-line elementor-widget elementor-widget-divider\" data-id=\"2821dec4\" data-element_type=\"widget\" data-widget_type=\"divider.default\">\n\t\t\t\t<div class=\"elementor-widget-container\">\n\t\t\t\t\t<div class=\"elementor-divider\">\n\t\t\t<span class=\"elementor-divider-separator\">\n\t\t\t\t\t\t<\/span>\n\t\t<\/div>\n\t\t\t\t<\/div>\n\t\t\t\t<\/div>\n\t\t\t\t<div class=\"elementor-element elementor-element-8800709 elementor-widget elementor-widget-image\" data-id=\"8800709\" data-element_type=\"widget\" data-widget_type=\"image.default\">\n\t\t\t\t<div class=\"elementor-widget-container\">\n\t\t\t\t\t\t\t\t\t\t\t\t\t\t<a href=\"https:\/\/cagrierhan.net\/\">\n\t\t\t\t\t\t\t<img fetchpriority=\"high\" decoding=\"async\" width=\"300\" height=\"300\" src=\"https:\/\/cagrierhan.net\/wp-content\/uploads\/profile-300x300.jpg\" class=\"attachment-medium size-medium wp-image-14085\" alt=\"\" srcset=\"https:\/\/cagrierhan.net\/wp-content\/uploads\/profile-300x300.jpg 300w, https:\/\/cagrierhan.net\/wp-content\/uploads\/profile-150x150.jpg 150w, https:\/\/cagrierhan.net\/wp-content\/uploads\/profile.jpg 410w\" sizes=\"(max-width: 300px) 100vw, 300px\" \/>\t\t\t\t\t\t\t\t<\/a>\n\t\t\t\t\t\t\t\t\t\t\t\t\t<\/div>\n\t\t\t\t<\/div>\n\t\t\t\t<div class=\"elementor-element elementor-element-4d671346 elementor-widget elementor-widget-heading\" data-id=\"4d671346\" data-element_type=\"widget\" data-widget_type=\"heading.default\">\n\t\t\t\t<div class=\"elementor-widget-container\">\n\t\t\t<h2 class=\"elementor-heading-title elementor-size-default\">ALTINBA\u015e \u00dcN\u0130VERS\u0130TES\u0130 REKT\u00d6R\u00dc<\/h2>\t\t<\/div>\n\t\t\t\t<\/div>\n\t\t\t\t<div class=\"elementor-element elementor-element-31c95f9 elementor-widget elementor-widget-heading\" data-id=\"31c95f9\" data-element_type=\"widget\" data-widget_type=\"heading.default\">\n\t\t\t\t<div class=\"elementor-widget-container\">\n\t\t\t<h2 class=\"elementor-heading-title elementor-size-default\">Prof. Dr. \u00c7a\u011fr\u0131 ERHAN<\/h2>\t\t<\/div>\n\t\t\t\t<\/div>\n\t\t\t\t<div class=\"elementor-element elementor-element-1929ee54 elementor-widget-divider--view-line elementor-widget elementor-widget-divider\" data-id=\"1929ee54\" data-element_type=\"widget\" data-widget_type=\"divider.default\">\n\t\t\t\t<div class=\"elementor-widget-container\">\n\t\t\t\t\t<div class=\"elementor-divider\">\n\t\t\t<span class=\"elementor-divider-separator\">\n\t\t\t\t\t\t<\/span>\n\t\t<\/div>\n\t\t\t\t<\/div>\n\t\t\t\t<\/div>\n\t\t\t\t\t<\/div>\n\t\t<\/div>\n\t\t\t\t\t<\/div>\n\t\t<\/section>\n\t\t\t\t<div class=\"elementor-element elementor-element-74f9b010 elementor-nav-menu__align-start elementor-nav-menu--dropdown-tablet elementor-nav-menu__text-align-aside elementor-nav-menu--toggle elementor-nav-menu--burger elementor-widget elementor-widget-nav-menu\" data-id=\"74f9b010\" data-element_type=\"widget\" data-settings=\"{&quot;layout&quot;:&quot;vertical&quot;,&quot;submenu_icon&quot;:{&quot;value&quot;:&quot;&lt;i class=\\&quot;fas fa-caret-down\\&quot;&gt;&lt;\\\/i&gt;&quot;,&quot;library&quot;:&quot;fa-solid&quot;},&quot;toggle&quot;:&quot;burger&quot;}\" data-widget_type=\"nav-menu.default\">\n\t\t\t\t<div class=\"elementor-widget-container\">\n\t\t\t\t\t\t<nav aria-label=\"Menu\" class=\"elementor-nav-menu--main elementor-nav-menu__container elementor-nav-menu--layout-vertical e--pointer-background e--animation-sweep-right\">\n\t\t\t\t<ul id=\"menu-1-74f9b010\" class=\"elementor-nav-menu sm-vertical\"><li class=\"menu-item menu-item-type-post_type menu-item-object-page menu-item-home menu-item-9494\"><a href=\"https:\/\/cagrierhan.net\/\" class=\"elementor-item\"><i class=\"_mi _before dashicons dashicons-admin-home\" aria-hidden=\"true\"><\/i><span>Anasayfa<\/span><\/a><\/li>\n<li class=\"menu-item menu-item-type-post_type menu-item-object-page menu-item-2493\"><a href=\"https:\/\/cagrierhan.net\/?page_id=10\" class=\"elementor-item\"><i class=\"_mi _before dashicons dashicons-admin-users\" aria-hidden=\"true\"><\/i><span>Biyografi<\/span><\/a><\/li>\n<li class=\"menu-item menu-item-type-post_type menu-item-object-page menu-item-6901\"><a href=\"https:\/\/cagrierhan.net\/?page_id=6707\" class=\"elementor-item\"><i class=\"_mi _before dashicons dashicons-book-alt\" aria-hidden=\"true\"><\/i><span>Bilimsel \u00c7al\u0131\u015fmalar<\/span><\/a><\/li>\n<li class=\"menu-item menu-item-type-post_type menu-item-object-page menu-item-9485\"><a href=\"https:\/\/cagrierhan.net\/?page_id=7982\" class=\"elementor-item\"><i class=\"_mi _before dashicons dashicons-welcome-write-blog\" aria-hidden=\"true\"><\/i><span>Gazete Yaz\u0131lar\u0131<\/span><\/a><\/li>\n<li class=\"menu-item menu-item-type-post_type menu-item-object-page menu-item-9486\"><a href=\"https:\/\/cagrierhan.net\/?page_id=8278\" class=\"elementor-item\"><i class=\"_mi _before foundation-icons fi-monitor\" aria-hidden=\"true\"><\/i><span>Tv Programlar\u0131<\/span><\/a><\/li>\n<li class=\"menu-item menu-item-type-post_type menu-item-object-page menu-item-9487\"><a href=\"https:\/\/cagrierhan.net\/?page_id=8304\" class=\"elementor-item\"><i class=\"_mi _before dashicons dashicons-book\" aria-hidden=\"true\"><\/i><span>Haberler<\/span><\/a><\/li>\n<li class=\"menu-item menu-item-type-post_type menu-item-object-page menu-item-9488\"><a href=\"https:\/\/cagrierhan.net\/?page_id=8287\" class=\"elementor-item\"><i class=\"_mi _before elusive el-icon-tasks\" aria-hidden=\"true\"><\/i><span>D\u0131\u015fa Bak\u0131\u015f<\/span><\/a><\/li>\n<li class=\"menu-item menu-item-type-post_type menu-item-object-page menu-item-9693\"><a href=\"https:\/\/cagrierhan.net\/?page_id=9552\" class=\"elementor-item\"><i class=\"_mi _before fa fa-users\" aria-hidden=\"true\"><\/i><span>Ak\u0131l Odas\u0131<\/span><\/a><\/li>\n<li class=\"menu-item menu-item-type-post_type menu-item-object-page menu-item-9491\"><a href=\"https:\/\/cagrierhan.net\/?page_id=8303\" class=\"elementor-item\"><i class=\"_mi _before dashicons dashicons-star-filled\" aria-hidden=\"true\"><\/i><span>Tarihin Parlad\u0131\u011f\u0131 Anlar<\/span><\/a><\/li>\n<li class=\"menu-item menu-item-type-post_type menu-item-object-page menu-item-771\"><a href=\"https:\/\/cagrierhan.net\/?page_id=752\" class=\"elementor-item\"><i class=\"_mi _before elusive el-icon-mic\" aria-hidden=\"true\"><\/i><span>Sesli Uluslararas\u0131 \u0130li\u015fkiler S\u00f6zl\u00fc\u011f\u00fc<\/span><\/a><\/li>\n<li class=\"menu-item menu-item-type-post_type menu-item-object-page menu-item-16024\"><a href=\"https:\/\/cagrierhan.net\/?page_id=16020\" class=\"elementor-item\"><i class=\"_mi _before dashicons dashicons-admin-comments\" aria-hidden=\"true\"><\/i><span>Ger\u00e7ek Fikri Ne?<\/span><\/a><\/li>\n<li class=\"menu-item menu-item-type-post_type menu-item-object-page menu-item-9492\"><a href=\"https:\/\/cagrierhan.net\/?page_id=8327\" class=\"elementor-item\"><i class=\"_mi _before dashicons dashicons-admin-comments\" aria-hidden=\"true\"><\/i><span>Stratalks<\/span><\/a><\/li>\n<li class=\"menu-item menu-item-type-post_type menu-item-object-page menu-item-1789\"><a href=\"https:\/\/cagrierhan.net\/?page_id=31\" class=\"elementor-item\"><i class=\"_mi _before dashicons dashicons-format-gallery\" aria-hidden=\"true\"><\/i><span>Galeri<\/span><\/a><\/li>\n<li class=\"menu-item menu-item-type-custom menu-item-object-custom menu-item-8493\"><a href=\"#pll_switcher\" class=\"elementor-item elementor-item-anchor\">Dil<\/a><\/li>\n<\/ul>\t\t\t<\/nav>\n\t\t\t\t\t<div class=\"elementor-menu-toggle\" role=\"button\" tabindex=\"0\" aria-label=\"Menu Toggle\" aria-expanded=\"false\">\n\t\t\t<i aria-hidden=\"true\" role=\"presentation\" class=\"elementor-menu-toggle__icon--open eicon-menu-bar\"><\/i><i aria-hidden=\"true\" role=\"presentation\" class=\"elementor-menu-toggle__icon--close eicon-close\"><\/i>\t\t\t<span class=\"elementor-screen-only\">Menu<\/span>\n\t\t<\/div>\n\t\t\t\t\t<nav class=\"elementor-nav-menu--dropdown elementor-nav-menu__container\" aria-hidden=\"true\">\n\t\t\t\t<ul id=\"menu-2-74f9b010\" class=\"elementor-nav-menu sm-vertical\"><li class=\"menu-item menu-item-type-post_type menu-item-object-page menu-item-home menu-item-9494\"><a href=\"https:\/\/cagrierhan.net\/\" class=\"elementor-item\" tabindex=\"-1\"><i class=\"_mi _before dashicons dashicons-admin-home\" aria-hidden=\"true\"><\/i><span>Anasayfa<\/span><\/a><\/li>\n<li class=\"menu-item menu-item-type-post_type menu-item-object-page menu-item-2493\"><a href=\"https:\/\/cagrierhan.net\/?page_id=10\" class=\"elementor-item\" tabindex=\"-1\"><i class=\"_mi _before dashicons dashicons-admin-users\" aria-hidden=\"true\"><\/i><span>Biyografi<\/span><\/a><\/li>\n<li class=\"menu-item menu-item-type-post_type menu-item-object-page menu-item-6901\"><a href=\"https:\/\/cagrierhan.net\/?page_id=6707\" class=\"elementor-item\" tabindex=\"-1\"><i class=\"_mi _before dashicons dashicons-book-alt\" aria-hidden=\"true\"><\/i><span>Bilimsel \u00c7al\u0131\u015fmalar<\/span><\/a><\/li>\n<li class=\"menu-item menu-item-type-post_type menu-item-object-page menu-item-9485\"><a href=\"https:\/\/cagrierhan.net\/?page_id=7982\" class=\"elementor-item\" tabindex=\"-1\"><i class=\"_mi _before dashicons dashicons-welcome-write-blog\" aria-hidden=\"true\"><\/i><span>Gazete Yaz\u0131lar\u0131<\/span><\/a><\/li>\n<li class=\"menu-item menu-item-type-post_type menu-item-object-page menu-item-9486\"><a href=\"https:\/\/cagrierhan.net\/?page_id=8278\" class=\"elementor-item\" tabindex=\"-1\"><i class=\"_mi _before foundation-icons fi-monitor\" aria-hidden=\"true\"><\/i><span>Tv Programlar\u0131<\/span><\/a><\/li>\n<li class=\"menu-item menu-item-type-post_type menu-item-object-page menu-item-9487\"><a href=\"https:\/\/cagrierhan.net\/?page_id=8304\" class=\"elementor-item\" tabindex=\"-1\"><i class=\"_mi _before dashicons dashicons-book\" aria-hidden=\"true\"><\/i><span>Haberler<\/span><\/a><\/li>\n<li class=\"menu-item menu-item-type-post_type menu-item-object-page menu-item-9488\"><a href=\"https:\/\/cagrierhan.net\/?page_id=8287\" class=\"elementor-item\" tabindex=\"-1\"><i class=\"_mi _before elusive el-icon-tasks\" aria-hidden=\"true\"><\/i><span>D\u0131\u015fa Bak\u0131\u015f<\/span><\/a><\/li>\n<li class=\"menu-item menu-item-type-post_type menu-item-object-page menu-item-9693\"><a href=\"https:\/\/cagrierhan.net\/?page_id=9552\" class=\"elementor-item\" tabindex=\"-1\"><i class=\"_mi _before fa fa-users\" aria-hidden=\"true\"><\/i><span>Ak\u0131l Odas\u0131<\/span><\/a><\/li>\n<li class=\"menu-item menu-item-type-post_type menu-item-object-page menu-item-9491\"><a href=\"https:\/\/cagrierhan.net\/?page_id=8303\" class=\"elementor-item\" tabindex=\"-1\"><i class=\"_mi _before dashicons dashicons-star-filled\" aria-hidden=\"true\"><\/i><span>Tarihin Parlad\u0131\u011f\u0131 Anlar<\/span><\/a><\/li>\n<li class=\"menu-item menu-item-type-post_type menu-item-object-page menu-item-771\"><a href=\"https:\/\/cagrierhan.net\/?page_id=752\" class=\"elementor-item\" tabindex=\"-1\"><i class=\"_mi _before elusive el-icon-mic\" aria-hidden=\"true\"><\/i><span>Sesli Uluslararas\u0131 \u0130li\u015fkiler S\u00f6zl\u00fc\u011f\u00fc<\/span><\/a><\/li>\n<li class=\"menu-item menu-item-type-post_type menu-item-object-page menu-item-16024\"><a href=\"https:\/\/cagrierhan.net\/?page_id=16020\" class=\"elementor-item\" tabindex=\"-1\"><i class=\"_mi _before dashicons dashicons-admin-comments\" aria-hidden=\"true\"><\/i><span>Ger\u00e7ek Fikri Ne?<\/span><\/a><\/li>\n<li class=\"menu-item menu-item-type-post_type menu-item-object-page menu-item-9492\"><a href=\"https:\/\/cagrierhan.net\/?page_id=8327\" class=\"elementor-item\" tabindex=\"-1\"><i class=\"_mi _before dashicons dashicons-admin-comments\" aria-hidden=\"true\"><\/i><span>Stratalks<\/span><\/a><\/li>\n<li class=\"menu-item menu-item-type-post_type menu-item-object-page menu-item-1789\"><a href=\"https:\/\/cagrierhan.net\/?page_id=31\" class=\"elementor-item\" tabindex=\"-1\"><i class=\"_mi _before dashicons dashicons-format-gallery\" aria-hidden=\"true\"><\/i><span>Galeri<\/span><\/a><\/li>\n<li class=\"menu-item menu-item-type-custom menu-item-object-custom menu-item-8493\"><a href=\"#pll_switcher\" class=\"elementor-item elementor-item-anchor\" tabindex=\"-1\">Dil<\/a><\/li>\n<\/ul>\t\t\t<\/nav>\n\t\t\t\t<\/div>\n\t\t\t\t<\/div>\n\t\t\t\t<div class=\"elementor-element elementor-element-bbded6f elementor-shape-rounded elementor-grid-0 e-grid-align-center elementor-widget elementor-widget-social-icons\" data-id=\"bbded6f\" data-element_type=\"widget\" data-widget_type=\"social-icons.default\">\n\t\t\t\t<div class=\"elementor-widget-container\">\n\t\t\t\t\t<div class=\"elementor-social-icons-wrapper elementor-grid\">\n\t\t\t\t\t\t\t<span class=\"elementor-grid-item\">\n\t\t\t\t\t<a class=\"elementor-icon elementor-social-icon elementor-social-icon-facebook elementor-animation-bounce-in elementor-repeater-item-2784054\" href=\"https:\/\/www.facebook.com\/profcagrierhan\/\" target=\"_blank\">\n\t\t\t\t\t\t<span class=\"elementor-screen-only\">Facebook<\/span>\n\t\t\t\t\t\t<i class=\"fab fa-facebook\"><\/i>\t\t\t\t\t<\/a>\n\t\t\t\t<\/span>\n\t\t\t\t\t\t\t<span class=\"elementor-grid-item\">\n\t\t\t\t\t<a class=\"elementor-icon elementor-social-icon elementor-social-icon-twitter elementor-animation-bounce-in elementor-repeater-item-85d1f99\" href=\"https:\/\/twitter.com\/cagrierhan?ref_src=twsrc%5Egoogle%7Ctwcamp%5Eserp%7Ctwgr%5Eauthor\" target=\"_blank\">\n\t\t\t\t\t\t<span class=\"elementor-screen-only\">Twitter<\/span>\n\t\t\t\t\t\t<i class=\"fab fa-twitter\"><\/i>\t\t\t\t\t<\/a>\n\t\t\t\t<\/span>\n\t\t\t\t\t\t\t<span class=\"elementor-grid-item\">\n\t\t\t\t\t<a class=\"elementor-icon elementor-social-icon elementor-social-icon-youtube elementor-animation-bounce-in elementor-repeater-item-f320f0a\" href=\"https:\/\/www.youtube.com\/channel\/UCUcHCcryQCf_F1yypdm7I9w\" target=\"_blank\">\n\t\t\t\t\t\t<span class=\"elementor-screen-only\">Youtube<\/span>\n\t\t\t\t\t\t<i class=\"fab fa-youtube\"><\/i>\t\t\t\t\t<\/a>\n\t\t\t\t<\/span>\n\t\t\t\t\t\t\t<span class=\"elementor-grid-item\">\n\t\t\t\t\t<a class=\"elementor-icon elementor-social-icon elementor-social-icon-instagram elementor-animation-bounce-in elementor-repeater-item-7008449\" href=\"https:\/\/www.instagram.com\/cagrierhan1972\/\" target=\"_blank\">\n\t\t\t\t\t\t<span class=\"elementor-screen-only\">Instagram<\/span>\n\t\t\t\t\t\t<i class=\"fab fa-instagram\"><\/i>\t\t\t\t\t<\/a>\n\t\t\t\t<\/span>\n\t\t\t\t\t<\/div>\n\t\t\t\t<\/div>\n\t\t\t\t<\/div>\n\t\t\t\t<div class=\"elementor-element elementor-element-dc22327 elementor-widget elementor-widget-spacer\" data-id=\"dc22327\" data-element_type=\"widget\" data-widget_type=\"spacer.default\">\n\t\t\t\t<div class=\"elementor-widget-container\">\n\t\t\t\t\t<div class=\"elementor-spacer\">\n\t\t\t<div class=\"elementor-spacer-inner\"><\/div>\n\t\t<\/div>\n\t\t\t\t<\/div>\n\t\t\t\t<\/div>\n\t\t\t\t\t<\/div>\n\t\t<\/div>\n\t\t\t\t\t<\/div>\n\t\t<\/section>\n\t\t\t\t<\/div>\n\t\t<\/div>\n\t\t\t\t<\/div>\n\t\t\t\t<\/div>\n\t\t\t\t\t<\/div>\n\t\t<\/div>\n\t\t\t\t<div class=\"elementor-column elementor-col-20 elementor-top-column elementor-element elementor-element-ac7ac7d\" data-id=\"ac7ac7d\" data-element_type=\"column\">\n\t\t\t<div class=\"elementor-widget-wrap elementor-element-populated\">\n\t\t\t\t\t\t<section class=\"elementor-section elementor-inner-section elementor-element elementor-element-102e502 elementor-section-boxed elementor-section-height-default elementor-section-height-default\" data-id=\"102e502\" data-element_type=\"section\">\n\t\t\t\t\t\t<div class=\"elementor-container elementor-column-gap-default\">\n\t\t\t\t\t<div class=\"elementor-column elementor-col-100 elementor-inner-column elementor-element elementor-element-6604534\" data-id=\"6604534\" data-element_type=\"column\">\n\t\t\t<div class=\"elementor-widget-wrap elementor-element-populated\">\n\t\t\t\t\t\t<div class=\"elementor-element elementor-element-2ce5752 elementor-widget__width-initial elementor-hidden-tablet elementor-hidden-mobile elementor-widget elementor-widget-image\" data-id=\"2ce5752\" data-element_type=\"widget\" data-widget_type=\"image.default\">\n\t\t\t\t<div class=\"elementor-widget-container\">\n\t\t\t\t\t\t\t\t\t\t\t\t\t<img decoding=\"async\" width=\"410\" height=\"410\" src=\"https:\/\/cagrierhan.net\/wp-content\/uploads\/profile.jpg\" class=\"attachment-medium_large size-medium_large wp-image-14085\" alt=\"\" srcset=\"https:\/\/cagrierhan.net\/wp-content\/uploads\/profile.jpg 410w, https:\/\/cagrierhan.net\/wp-content\/uploads\/profile-300x300.jpg 300w, https:\/\/cagrierhan.net\/wp-content\/uploads\/profile-150x150.jpg 150w\" sizes=\"(max-width: 410px) 100vw, 410px\" \/>\t\t\t\t\t\t\t\t\t\t\t\t\t<\/div>\n\t\t\t\t<\/div>\n\t\t\t\t<div class=\"elementor-element elementor-element-b1cb2e8 elementor-hidden-tablet elementor-hidden-mobile elementor-widget-divider--view-line elementor-widget elementor-widget-divider\" data-id=\"b1cb2e8\" data-element_type=\"widget\" data-widget_type=\"divider.default\">\n\t\t\t\t<div class=\"elementor-widget-container\">\n\t\t\t\t\t<div class=\"elementor-divider\">\n\t\t\t<span class=\"elementor-divider-separator\">\n\t\t\t\t\t\t<\/span>\n\t\t<\/div>\n\t\t\t\t<\/div>\n\t\t\t\t<\/div>\n\t\t\t\t<div class=\"elementor-element elementor-element-153b1f6 elementor-widget elementor-widget-text-editor\" data-id=\"153b1f6\" data-element_type=\"widget\" data-widget_type=\"text-editor.default\">\n\t\t\t\t<div class=\"elementor-widget-container\">\n\t\t\t\t\t\t\t<p style=\"text-align: center;\">1972 \u0130stanbul do\u011fumlu \u00c7a\u011fr\u0131 Erhan, 1993&#8217;te Ankara \u00dcniversitesi Siyasal Bilgiler Fak\u00fcltesi Uluslararas\u0131 \u0130li\u015fkiler B\u00f6l\u00fcm\u00fc&#8217;nden mezun olmu\u015ftur. Ayn\u0131 \u00fcniversitede, 1996&#8217;da uluslararas\u0131 ili\u015fkiler y\u00fcksek lisans\u0131n\u0131, &#8220;T\u00fcrk-Amerikan \u0130li\u015fkilerinde Afyon Sorunu&#8221; ba\u015fl\u0131kl\u0131 tezi savunarak tamamlam\u0131\u015ft\u0131r. 2000 y\u0131l\u0131nda da, &#8220;Osmanl\u0131 &#8211; Amerikan Siyasi \u0130li\u015fkileri&#8221; ba\u015fl\u0131kl\u0131 teziyle, Hacettepe \u00dcniversitesi Tarih B\u00f6l\u00fcm\u00fc&#8217;nde doktor unvan\u0131n\u0131 alm\u0131\u015ft\u0131r. 2003&#8217;te siyasi tarih do\u00e7enti, 2009 y\u0131l\u0131nda ayn\u0131 alanda profes\u00f6r olmu\u015ftur. 2001\u2019de &#8220;Tarih Vakf\u0131 Afet \u0130nan&#8221;, 2013\u2019de &#8220;SAM Stratejik Vizyon&#8221; \u00f6d\u00fcllerini ve 2014\u2019te Avrupa Birli\u011fi Jean Monnet Chair unvan\u0131n\u0131 alm\u0131\u015ft\u0131r. Georgetown, Tel-Aviv, Tokyo Chuo, TOBB ET\u00dc ve Bah\u00e7e\u015fehir \u00fcniversitelerinde ara\u015ft\u0131rmac\u0131 ve misafir \u00f6\u011fretim \u00fcyesi olarak bulunan \u00c7a\u011fr\u0131 Erhan, AB, T\u00dcB\u0130TAK, Gen\u00e7lik Spor Bakanl\u0131\u011f\u0131 ve Kalk\u0131nma Ajans\u0131\u2019n\u0131n destekledi\u011fi projelerde de y\u00fcr\u00fct\u00fcc\u00fcl\u00fck yapm\u0131\u015ft\u0131r. 1994 &#8211; 2015 y\u0131llar\u0131 aras\u0131nda Ankara \u00dcniversitesi&#8217;nde \u00f6\u011fretim eleman\u0131 olarak \u00e7al\u0131\u015fan Erhan, 2005-2015 y\u0131llar\u0131 aras\u0131nda Avrupa Toplulu\u011fu Ara\u015ft\u0131rma ve Uygulama Merkezi (ATAUM) m\u00fcd\u00fcrl\u00fc\u011f\u00fc yapm\u0131\u015ft\u0131r. Prof. Erhan, Avrasya Stratejik Ara\u015ft\u0131rmalar Merkezi (ASAM), Atat\u00fcrk K\u00fclt\u00fcr, Dil ve Tarih Y\u00fcksek Kurumu, D\u0131\u015fi\u015fleri Bakanl\u0131\u011f\u0131, T\u00fcrk Askeri Tarih Komisyonu, T\u00fcrk Atlantik Derne\u011fi, Avrupa Konseyi gibi kurulu\u015flarda \u00e7e\u015fitli g\u00f6revlerde bulunmu\u015ftur. T\u00fcrk D\u0131\u015f Politikas\u0131, siyasi tarih ve uluslararas\u0131 ili\u015fkiler konular\u0131nda \u00e7e\u015fitli kitaplar\u0131 bulunan Prof. Dr. Erhan, Uluslararas\u0131 \u0130li\u015fkiler ve Ankara Avrupa \u00c7al\u0131\u015fmalar\u0131 dergilerinin kurucu edit\u00f6rlerindendir ve Uluslararas\u0131 \u0130li\u015fkiler Konseyi&#8217;nin y\u00f6netim kurulu \u00fcyesidir. 2015 Haziran ay\u0131 itibariyle \u0130stanbul Kemerburgaz \u00dcniversitesi Rekt\u00f6r\u00fc olarak atanm\u0131\u015ft\u0131r. \u0130stanbul Kemerburgaz \u00dcniversitesi 1 Temmuz 2017\u2019de Alt\u0131nba\u015f \u00dcniversitesi ad\u0131n\u0131 alm\u0131\u015ft\u0131r. Yine 2017 y\u0131l\u0131nda Prof. Dr. \u00c7a\u011fr\u0131 Erhan Cumhurba\u015fkanl\u0131\u011f\u0131 G\u00fcvenlik ve D\u0131\u015f Politikalar Kurulu \u00fcyesi olarak atanm\u0131\u015ft\u0131r, ayn\u0131 zamanda 2025 y\u0131l\u0131 itibariyle Cumhurba\u015fkan\u0131 Ba\u015fdan\u0131\u015fman\u0131 olarak g\u00f6revlendirilmi\u015ftir.<\/p>\t\t\t\t\t\t<\/div>\n\t\t\t\t<\/div>\n\t\t\t\t\t<\/div>\n\t\t<\/div>\n\t\t\t\t\t<\/div>\n\t\t<\/section>\n\t\t\t\t\t<\/div>\n\t\t<\/div>\n\t\t\t\t<div class=\"elementor-column elementor-col-20 elementor-top-column elementor-element elementor-element-7fbe665\" data-id=\"7fbe665\" data-element_type=\"column\">\n\t\t\t<div class=\"elementor-widget-wrap elementor-element-populated\">\n\t\t\t\t\t\t\t<\/div>\n\t\t<\/div>\n\t\t\t\t<div class=\"elementor-column elementor-col-20 elementor-top-column elementor-element elementor-element-c2eb81b\" data-id=\"c2eb81b\" data-element_type=\"column\">\n\t\t\t<div class=\"elementor-widget-wrap\">\n\t\t\t\t\t\t\t<\/div>\n\t\t<\/div>\n\t\t\t\t\t<\/div>\n\t\t<\/section>\n\t\t\t\t<\/div>\n\t\t","protected":false},"excerpt":{"rendered":"<p>1972 \u0130stanbul do\u011fumlu \u00c7a\u011fr\u0131 Erhan, 1993&#8217;te Ankara \u00dcniversitesi Siyasal Bilgiler Fak\u00fcltesi Uluslararas\u0131 \u0130li\u015fkiler B\u00f6l\u00fcm\u00fc&#8217;nden mezun olmu\u015ftur. Ayn\u0131 \u00fcniversitede, 1996&#8217;da uluslararas\u0131 ili\u015fkiler y\u00fcksek lisans\u0131n\u0131, &#8220;T\u00fcrk-Amerikan \u0130li\u015fkilerinde Afyon Sorunu&#8221; ba\u015fl\u0131kl\u0131 tezi savunarak tamamlam\u0131\u015ft\u0131r. 2000 y\u0131l\u0131nda da, &#8220;Osmanl\u0131 &#8211; Amerikan Siyasi \u0130li\u015fkileri&#8221; ba\u015fl\u0131kl\u0131 teziyle, Hacettepe \u00dcniversitesi Tarih B\u00f6l\u00fcm\u00fc&#8217;nde doktor unvan\u0131n\u0131 alm\u0131\u015ft\u0131r. 2003&#8217;te siyasi tarih do\u00e7enti, 2009 y\u0131l\u0131nda ayn\u0131 [&hellip;]<\/p>\n","protected":false},"author":1,"featured_media":0,"parent":0,"menu_order":0,"comment_status":"closed","ping_status":"closed","template":"elementor_header_footer","meta":{"footnotes":""},"class_list":["post-10","page","type-page","status-publish","hentry"],"_links":{"self":[{"href":"https:\/\/cagrierhan.net\/index.php?rest_route=\/wp\/v2\/pages\/10","targetHints":{"allow":["GET"]}}],"collection":[{"href":"https:\/\/cagrierhan.net\/index.php?rest_route=\/wp\/v2\/pages"}],"about":[{"href":"https:\/\/cagrierhan.net\/index.php?rest_route=\/wp\/v2\/types\/page"}],"author":[{"embeddable":true,"href":"https:\/\/cagrierhan.net\/index.php?rest_route=\/wp\/v2\/users\/1"}],"replies":[{"embeddable":true,"href":"https:\/\/cagrierhan.net\/index.php?rest_route=%2Fwp%2Fv2%2Fcomments&post=10"}],"version-history":[{"count":24,"href":"https:\/\/cagrierhan.net\/index.php?rest_route=\/wp\/v2\/pages\/10\/revisions"}],"predecessor-version":[{"id":17197,"href":"https:\/\/cagrierhan.net\/index.php?rest_route=\/wp\/v2\/pages\/10\/revisions\/17197"}],"wp:attachment":[{"href":"https:\/\/cagrierhan.net\/index.php?rest_route=%2Fwp%2Fv2%2Fmedia&parent=10"}],"curies":[{"name":"wp","href":"https:\/\/api.w.org\/{rel}","templated":true}]}}